
1
What is the highest common divisor of 12 and 34998?
6
What is the greatest common divisor of 102 and 291074?
34
What is the highest common divisor of 10127 and 787189?
247
Calculate the greatest common divisor of 21762 and 56862.
702
What is the highest common divisor of 1278 and 748269?
639
Calculate the highest common factor of 523301 and 542.
271
What is the greatest common divisor of 72171 and 1584?
99
What is the greatest common factor of 9 and 10548?
9
What is the highest common factor of 173196 and 306?
306
What is the greatest common factor of 102 and 8432?
34
Calculate the highest common factor of 14420 and 11433.
103
What is the greatest common divisor of 1196143 and 2626?
1313
Calculate the greatest common divisor of 55452 and 324.
12
Calculate the highest common divisor of 43050 and 154.
14
Calculate the greatest common divisor of 69 and 6367964.
23
What is the highest common factor of 50 and 45050?
50
Calculate the greatest common divisor of 49961 and 846.
47
Calculate the greatest common factor of 180565 and 1407.
469
What is the highest common divisor of 15045 and 1275?
255
Calculate the highest common divisor of 122 and 2501.
61
What is the greatest common divisor of 46725 and 350?
175
What is the highest common factor of 814056 and 216?
24
Calculate the highest common divisor of 661 and 1912273.
661
What is the greatest common factor of 450 and 991050?
150
Calculate the highest common divisor of 2375 and 703.
19
What is the highest common divisor of 154 and 70906?
22
What is the highest common factor of 33840 and 320?
80
What is the greatest common factor of 1 and 177326?
1
What is the greatest common factor of 3037 and 88?
1
Calculate the greatest common divisor of 24 and 6936.
24
What is the greatest common divisor of 3966 and 2982?
6
What is the greatest common factor of 25122 and 477?
159
Calculate the highest common factor of 64 and 191072.
32
Calculate the greatest common factor of 170 and 908735.
85
What is the greatest common divisor of 6377 and 7?
7
What is the greatest common divisor of 4 and 16102?
2
Calculate the highest common divisor of 16 and 190616.
8
What is the highest common factor of 5828 and 372?
124
What is the highest common divisor of 554 and 10?
2
What is the greatest common divisor of 261 and 3645?
9
What is the highest common factor of 1120 and 321720?
280
Calculate the greatest common divisor of 560 and 75950.
70
Calculate the greatest common factor of 5394 and 178176.
174
Calculate the highest common divisor of 1323191 and 2995.
599
What is the greatest common divisor of 11445 and 18480?
105
Calculate the greatest common factor of 336 and 501312.
336
What is the greatest common factor of 82 and 10250?
82
Calculate the greatest common divisor of 90857 and 754.
377
Calculate the highest common divisor of 1859697 and 9.
9
What is the greatest common divisor of 3168 and 77?
11
Calculate the greatest common factor of 3576 and 348.
12
Calculate the greatest common divisor of 28 and 130012.
4
Calculate the greatest common factor of 4216 and 37882.
62
What is the greatest common factor of 6888 and 114?
6
What is the highest common factor of 9 and 15759?
9
Calculate the greatest common factor of 4 and 381952.
4
Calculate the greatest common divisor of 32868 and 2244.
132
What is the highest common factor of 12680 and 352?
8
What is the highest common factor of 54 and 841302?
18
Calculate the highest common divisor of 102 and 1744574.
34
What is the greatest common factor of 221350 and 275?
25
Calculate the greatest common divisor of 158388 and 5628.
804
Calculate the greatest common factor of 20 and 861040.
20
What is the highest common divisor of 972 and 1667466?
486
Calculate the highest common factor of 1173 and 55522.
391
Calculate the highest common divisor of 736 and 343344.
368
Calculate the greatest common factor of 78213 and 7905.
93
What is the greatest common factor of 12880 and 42?
14
Calculate the greatest common factor of 612 and 392598.
306
Calculate the greatest common factor of 56024 and 18178.
298
What is the greatest common factor of 8488 and 24?
8
What is the highest common divisor of 6 and 2375058?
6
What is the highest common factor of 154864 and 16?
16
What is the greatest common factor of 25 and 83365?
5
Calculate the highest common factor of 6557 and 474.
79
What is the highest common divisor of 2880 and 10665?
45
Calculate the greatest common divisor of 1876 and 11524.
268
What is the greatest common factor of 4940441 and 11?
11
Calculate the highest common factor of 106 and 1839206.
106
Calculate the greatest common divisor of 13487276 and 44.
44
Calculate the highest common factor of 379 and 15878963.
379
Calculate the greatest common factor of 84 and 12236.
28
Calculate the highest common factor of 16 and 12872.
8
What is the highest common factor of 84078 and 69012?
486
Calculate the highest common factor of 411744 and 216.
24
What is the greatest common divisor of 65 and 302965?
65
Calculate the greatest common factor of 45666 and 102.
6
What is the highest common divisor of 1505826 and 1530?
306
What is the highest common divisor of 17286 and 804?
402
What is the highest common divisor of 69049 and 58?
29
What is the greatest common divisor of 671061 and 366?
183
What is the highest common factor of 76104 and 1008?
504
Calculate the greatest common factor of 46975 and 50.
25
What is the greatest common factor of 10968 and 1536?
24
Calculate the greatest common divisor of 52 and 40950.
26
Calculate the highest common divisor of 156765 and 15.
15
What is the greatest common divisor of 4914 and 10206?
378
Calculate the highest common divisor of 1742 and 273226.
134
Calculate the highest common divisor of 243 and 1179.
9
Calculate the greatest common divisor of 64614 and 3762.
66
What is the highest common factor of 1864525 and 117?
13
What is the highest common divisor of 1347 and 46247?
449
Calculate the greatest common factor of 1938 and 17841.
57
What is the greatest common factor of 1 and 150571?
1
What is the greatest common divisor of 14404 and 110246?
554
What is the highest common divisor of 107622 and 72?
18
What is the highest common factor of 377778 and 474?
474
What is the greatest common factor of 16872 and 9213?
111
Calculate the highest common factor of 210 and 367530.
30
Calculate the greatest common factor of 672520 and 80.
40
What is the greatest common divisor of 6369 and 31251?
33
What is the highest common factor of 165 and 176835?
15
Calculate the greatest common divisor of 792 and 317064.
264
Calculate the highest common divisor of 31808 and 5396.
284
Calculate the greatest common divisor of 1030 and 423845.
515
Calculate the greatest common divisor of 12498288 and 264.
264
Calculate the greatest common factor of 14 and 20104.
14
Calculate the greatest common divisor of 26187 and 242004.
903
What is the greatest common factor of 1179156 and 24?
12
What is the highest common factor of 164728 and 2360?
472
What is the greatest common factor of 160 and 11296?
32
What is the highest common divisor of 6207357 and 19?
19
Calculate the greatest common factor of 138 and 13593.
69
Calculate the greatest common divisor of 959259 and 34.
17
What is the greatest common factor of 503314 and 14?
14
Calculate the greatest common factor of 385 and 65555.
35
Calculate the greatest common divisor of 3 and 319152.
3
What is the greatest common factor of 39 and 214539?
39
What is the greatest common factor of 7740 and 10449?
387
What is the highest common factor of 84 and 246498?
42
Calculate the greatest common factor of 1854 and 2826.
18
What is the greatest common factor of 656 and 1976?
8
Calculate the greatest common factor of 924 and 409164.
84
Calculate the greatest common factor of 198 and 10620.
18
Calculate the highest common factor of 1774591 and 91.
91
Calculate the highest common divisor of 275 and 28160.
55
Calculate the highest common divisor of 54 and 24165.
27
Calculate the greatest common factor of 22720 and 85910.
710
What is the greatest common divisor of 7 and 5889?
1
Calculate the greatest common divisor of 13837 and 606.
101
Calculate the greatest common factor of 18282 and 24.
6
What is the highest common divisor of 12 and 315144?
12
Calculate 